 is the units digit of n(-5)?
9
Let l be -3 + 6 + -1 + -56. What is the units digit of (-744)/l + 2/9?
4
Let m = -8 - -27. What is the units digit of m?
9
Let q = 1 - 2. Let n be (q - -2) + 2 + 2. Suppose 0 = 2*v - 9 - n. What is the units digit of v?
7
Let j(k) = k**3 - 10*k**2 + 3*k - 13. Let s be j(10). Suppose 0 = -3*i + 4*i - s. What is the units digit of i?
7
Let x = 16 + 47. What is the units digit of x?
3
What is the tens digit of -82*(10/5 + -3)?
8
Let k(j) be the second derivative of -j**3/2 - 5*j**2/2 - 3*j. Let n be k(-4). Let q = n + 3. What is the units digit of q?
0
Suppose -4 = 4*g - 0. What is the units digit of (g + 4)/((-1)/(-3))?
9
Let m be (3 - 3)*2/4. Suppose 2*h - 10 = -2*t, -h - 3*t = 2*t - 1. Suppose h*r - r - 40 = m. What is the units digit of r?
8
Let h = -3 + -4. Let x = h - -15. What is the units digit of x?
8
Let i(d) = -5*d**2 + 20*d + 24. Let g(h) = -h**2 + 5*h + 6. Let a(w) = 9*g(w) - 2*i(w). What is the units digit of a(-6)?
2
Let f = -89 + 133. Let p = f - 27. What is the tens digit of p?
1
Let g(j) = -j + 18. Let s be g(14). Suppose s*l - 95 = 101. What is the units digit of l?
9
Let v = -6 + 1. What is the units digit of (2/v)/((-5)/75)?
6
Suppose 0 = 7*z - 2*z + 5. Let j be (0 + z)*20 - 1. What is the units digit of (-120)/j + (-4)/(-14)?
6
Let k(y) = -y**3 + 5. What is the units digit of k(0)?
5
Let g(d) be the third derivative of d**5/60 + 5*d**4/24 - 11*d**3/6 - 5*d**2. What is the units digit of g(-8)?
3
Suppose -7 - 3 = -5*r. Suppose r*l - 219 = -5*x + 1, 4*l = -4*x + 176. What is the units digit of x?
4
Let h(b) = b + 3. Let n(z) = z**3 + 16*z**2 + 14*z - 15. Let s be n(-15). What is the units digit of h(s)?
3
Suppose 22 = 4*m - 26. What is the tens digit of m + -4 + 1*3?
1
Suppose 3*u = -u. Suppose u*z = z. Suppose 6*n - 3*n - 18 = z. What is the units digit of n?
6
Let j = 4 - -2. Suppose -j + 18 = -2*r. What is the units digit of (r/(-4))/(7/14)?
3
Let o(p) = -p**3 + 11*p**2 + 3*p + 7. What is the tens digit of o(11)?
4
Let a be (6*1)/(1/(-1)). Let n be (2/a)/(1/(-6)). Let h = 9 - n. What is the units digit of h?
7
Suppose -194 = -i - 2*r - 31, -i + r = -154. What is the tens digit of i?
5
Let y(j) = -j**3 - 15*j**2 - 2*j - 54. What is the units digit of y(-16)?
4
Suppose -5*s = k - 4, 4*s = 5*k + 6 + 3. Suppose 3*z - s + 7 = 3*d, -3*z - 2 = -d. What is the units digit of d?
2
Let o = 7 - 4. Suppose 0 = -8*u + o*u + 45. What is the units digit of u?
9
Let o be 1 + -11 + 2/(-2). Let f(n) = -n**3 - 7*n**2 - 7*n - 2. Let r be f(-5). Let b = o - r. What is the units digit of b?
6
Suppose 2*r - o - 2*o = 15, 5*r - 24 = 3*o. Suppose 3*j = -1 - 2. Let l = j + r. What is the units digit of l?
2
Let i be 16/(-3) + (-3)/(-9). What is the units digit of (i/2)/((-8)/48)?
5
Let f be (-32)/24*(-6)/4. Suppose 4*c = f*c - b + 10, 0 = c + 3*b - 10. What is the units digit of c?
4
Let s = 492 - 321. What is the hundreds digit of s?
1
Let a(q) be the first derivative of -q**4/4 - 4*q**3/3 + 3*q**2/2 + 7*q - 3. What is the units digit of a(-5)?
7
What is the units digit of (252/(-8))/((-1)/2)?
3
Let f(d) = d**2 + 4*d + 1. Let g(i) = 2*i**2 + 8*i + 2. Let n(w) = -13*f(w) + 6*g(w). What is the units digit of n(-2)?
3
Suppose -32 = -5*j + 63. What is the units digit of j?
9
Let t(r) = -r**2 + 7*r. Let n be t(7). Suppose 4*h - 2*h = n. Suppose h = -i - 3*i + 44. What is the units digit of i?
1
Let v(j) = j. Let r be v(-3). What is the units digit of (-2)/r*(-12)/(-2)?
4
Let f = 124 + -44. What is the tens digit of f?
8
Let k = -3 + 3. Suppose -5*m + 5*x + 15 = k, -m + 0*x + 15 = 5*x. What is the units digit of m?
5
Let f = 1 - -17. What is the units digit of f?
8
Let k = 5 + -12. Let z = k - -13. What is the units digit of z?
6
Let z = -2 - -5. Suppose -5*j = 3*o - 14, 0 = -z*j + j + 2. What is the units digit of o?
3
Suppose 2*n = -4*i + 10, -i = i - n - 7. Suppose -f + 7 = 3*y, -i*y = 2*y - 10. What is the units digit of f?
1
Let o be (-1)/3*(-2 + -7). Let g(u) = u**2 - 2. What is the units digit of g(o)?
7
Suppose 0 = -k + 4*n + 18, n = 2*k + 2*n. Suppose -4*w = 4*z - 152, -4*w - k*z = -0*w - 158. What is the units digit of w?
1
Suppose -3*c + 10 = 3*h - 4*c, -2*h - 3*c = -14. Suppose -h*d = -2 - 6. What is the units digit of d?
2
Suppose 45 = -8*c + 3*c. What is the units digit of 6/c + 26/3?
8
Let d(k) = -k**3 - 3*k**2 + 3*k - 4. Let c be d(-4). Suppose 7 = -l - c*l. What is the units digit of 2/l - (-232)/28?
8
Suppose -r + 1 = -3, -3*r = 5*y + 8. Let b(d) = -d**2 - 3*d + 5. What is the units digit of b(y)?
1
Let n(v) = -4*v - 1. Let j be n(-1). What is the units digit of j/((9/(-3))/(-1))?
1
Let o(q) = q**3 + 3*q**2 - 4*q + 4. Let b be o(-4). Let r = -1 + b. Suppose -r*z + 5 = -7. What is the units digit of z?
4
Suppose 2*k - 31 = -g, -2*g - 14 = -k + 4. What is the units digit of k?
6
Let d be 2 + -78 + 0 - -1. Let v = 25 + d. What is the units digit of (-3)/12 - v/8?
6
Suppose -6*f + 4*f = -4*d - 24, -5*d = -5*f + 40. Suppose -6*g - f*m + 109 = -g, 3*m + 39 = 2*g. What is the tens digit of g?
2
Let q(i) = i**3 + 8*i**2 + 6*i - 7. Let c be q(-7). Suppose -5*z - o + 96 = c, -4*z + o + 96 = -3*o. What is the units digit of z?
0
Let g = -5 + 10. Suppose 5*a = 4*t + 2*a - 3, -5*t = -g*a. What is the units digit of (t/3)/(1/2)?
2
Suppose 0 = 2*s + s - 4*m, 2*s - 4*m + 4 = 0. Let b = s - 1. What is the units digit of b/6*8 - 2?
2
What is the units digit of ((-13)/(-52))/((-1)/(-1556))?
9
Let k be 5 - 1/((-1)/(-2)). Suppose 2*u - 5*n = -12, 1 + 3 = -2*u + k*n. Suppose -2*j = -12 - u. What is the units digit of j?
8
Let q(t) = t**3 - 2*t**2 - 4*t + 4. Let f be q(3). Suppose f = 5*p + l, p + 8 = -3*p - 3*l. Suppose n = 3 - p. What is the units digit of n?
2
Suppose 0 = -0*k + 5*k. Suppose k = 19*o - 14*o - 130. What is the tens digit of o?
2
Suppose 5*j = 2*j + 9. Suppose s = 5 - j. What is the units digit of s?
2
What is the units digit of (-2 - -1)*18/(-3)?
6
Suppose -t + 4*t = -12. Let l = t + 5. What is the units digit of l?
1
Let r = 15 + -8. Suppose 0 = r*i - 9*i + 60. What is the tens digit of i?
3
Let v(c) = -c**2 - 25*c + 27. What is the tens digit of v(-18)?
5
Suppose 4*z = -3*n - 3, 5*n - 6*z - 30 = -z. Let t(f) = f - 4. Let m be t(n). Let h(s) = -s**3 + s + 1. What is the units digit of h(m)?
1
What is the units digit of (0 + -25)*100/(-25)?
0
Let p = -4 - -3. Let o be 0*(p/(-1) + 0). What is the units digit of (o/(-2))/3 - -4?
4
Let y(k) = 3*k**2 - 2*k - 2. What is the units digit of y(5)?
3
Let n(s) = -s**3 - 2*s**2 - 3*s - 3. Let o(g) = -g - 2. Let v be o(0). Let p be n(v). What is the tens digit of (-1 - -4)*17/p?
1
Suppose -4*c = -3*s + 699, -2*s = -s - 4*c - 225. What is the units digit of s?
7
Let o = -6 + 27. What is the tens digit of o?
2
Let w = 63 - 88. Let r = 47 + w. What is the units digit of r?
2
Suppose s - g - 38 = -s, -3*s = -3*g - 54. What is the tens digit of s?
2
Let m(l) = -l**2 - 9*l - 4. Let r(g) = g**3 - 8*g**2 + 5*g + 6. Let c be r(7). Let k be m(c). Suppose 4 + k = b. What is the units digit of b?
8
Suppose 6*j = -2*s + 2*j + 24, j + 38 = 5*s. What is the units digit of s?
8
Suppose -65 = -2*r + 97. What is the units digit of (-3)/(-3 + r/30)?
0
Suppose -5 - 10 = -5*p. Let y(b) = 12 - 6 - p - 6*b. What is the tens digit of y(-3)?
2
What is the units digit of 372/18 - (2/3 - 1)?
1
Let w be (4 - 0)/(-2)*-1. Suppose 4*g - a - 31 = w*g, 4*g - 3*a = 61. What is the tens digit of g?
1
What is the units digit of 7 - (3 + -6 + 4)?
6
Suppose -55 = -y - 0*y. What is the tens digit of y?
5
Let u(a) = a**2 - 17*a + 16. Let y be u(15). Let r = y - -31. What is the tens digit of r?
1
Suppose -3*g = 2*v - 82 - 16, -4*g = -5*v - 100. Let j = g - 16. What is the units digit of j?
4
Suppose -4*x + 5*u + 21 = -2*x, 3*x = -2*u + 3. Suppose x*i = 4*i + 2. What is the units digit of 0 - (-2 + 0 + i)?
4
Let y be (-2)/9 + (-29)/(-9). Suppose 18 - y = 5*v. Let f = v + 0. What is the units digit of f?
3
Suppose 13 + 1 = s. What is the units digit of s?
4
Suppose -3*z + 112 = -2*j - 2*j, -5*z = -j - 181. Suppose u = -3*u + z. Suppose -2*w + 42 = 2*o, 5*w + 66 = 4*o + u. What is the units digit of o?
8
Let b = 243 - -52. What is the units digit of b?
5
Suppose 4*a + 9 = 3*c - 0*a, 2*a + 7 = -c. Let l = c -